628?
2
What is the tens digit of 587110?
1
What is the thousands digit of 688481?
8
What is the tens digit of 172519?
1
What is the hundreds digit of 13948252?
2
What is the millions digit of 2998349?
2
What is the hundreds digit of 9711688?
6
What is the tens digit of 397073?
7
What is the tens digit of 4379964?
6
What is the tens digit of 280063?
6
What is the tens digit of 1178694?
9
What is the hundred thousands digit of 531843?
5
What is the tens digit of 79184?
8
What is the units digit of 114365?
5
What is the ten thousands digit of 256672?
5
What is the ten thousands digit of 2293508?
9
What is the hundred thousands digit of 380560?
3
What is the hundred thousands digit of 1938733?
9
What is the millions digit of 2226414?
2
What is the ten thousands digit of 60098?
6
What is the tens digit of 397553?
5
What is the hundred thousands digit of 4464142?
4
What is the thousands digit of 4939502?
9
What is the units digit of 1498671?
1
What is the hundreds digit of 8937647?
6
What is the ten thousands digit of 562904?
6
What is the hundreds digit of 1042249?
2
What is the units digit of 343461?
1
What is the ten thousands digit of 11969361?
6
What is the ten thousands digit of 1048990?
4
What is the tens digit of 985016?
1
What is the units digit of 90190?
0
What is the millions digit of 3807666?
3
What is the hundreds digit of 335027?
0
What is the thousands digit of 21893272?
3
What is the ten thousands digit of 9745627?
4
What is the ten thousands digit of 3280367?
8
What is the thousands digit of 683402?
3
What is the ten thousands digit of 215586?
1
What is the hundreds digit of 8857335?
3
What is the thousands digit of 893394?
3
What is the hundreds digit of 4618360?
3
What is the ten thousands digit of 45678?
4
What is the millions digit of 3880710?
3
What is the hundreds digit of 2344460?
4
What is the hundred thousands digit of 841104?
8
What is the thousands digit of 480277?
0
What is the thousands digit of 186013?
6
What is the millions digit of 8496765?
8
What is the units digit of 1258185?
5
What is the units digit of 97030?
0
What is the units digit of 123600?
0
What is the hundreds digit of 810967?
9
What is the hundred thousands digit of 7402610?
4
What is the hundreds digit of 3625480?
4
What is the tens digit of 107193?
9
What is the tens digit of 130379?
7
What is the ten thousands digit of 11694119?
9
What is the ten thousands digit of 564982?
6
What is the thousands digit of 356747?
6
What is the ten thousands digit of 254745?
5
What is the tens digit of 12376042?
4
What is the hundred thousands digit of 103421?
1
What is the units digit of 620095?
5
What is the ten thousands digit of 951976?
5
What is the millions digit of 4835403?
4
What is the hundreds digit of 8507925?
9
What is the ten thousands digit of 37902?
3
What is the tens digit of 28001?
0
What is the units digit of 771351?
1
What is the units digit of 265488?
8
What is the tens digit of 121296?
9
What is the tens digit of 648860?
6
What is the ten thousands digit of 4411505?
1
What is the ten thousands digit of 203833?
0
What is the units digit of 5979339?
9
What is the hundreds digit of 1794305?
3
What is the hundreds digit of 3816656?
6
What is the ten thousands digit of 2534619?
3
What is the thousands digit of 27668645?
8
What is the ten thousands digit of 6700043?
0
What is the tens digit of 16741662?
6
What is the units digit of 12828434?
4
What is the hundred thousands digit of 248640?
2
What is the ten thousands digit of 17870637?
7
What is the units digit of 325759?
9
What is the hundreds digit of 18522923?
9
What is the hundred thousands digit of 390001?
3
What is the hundred thousands digit of 725324?
7
What is the thousands digit of 7784113?
4
What is the tens digit of 2935328?
2
What is the thousands digit of 12295?
2
What is the millions digit of 3876737?
3
What is the units digit of 233140?
0
What is the hundreds digit of 901297?
2
What is the thousands digit of 1878032?
8
What is the hundreds digit of 1108103?
1
What is the hundred thousands digit of 1143423?
1
What is the units digit of 683301?
1
What is the ten thousands digit of 11908157?
0
What is the thousands digit of 2453929?
3
What is the tens digit of 54691?
9
What is the thousands digit of 1959622?
9
What is the tens digit of 47100?
0
What is the hundred thousands digit of 144033?
1
What is the units digit of 544906?
6
What is the units digit of 2571257?
7
What is the thousands digit of 15692077?
2
What is the hundred thousands digit of 558965?
5
What is the hundred thousands digit of 197617?
1
What is the millions digit of 4198079?
4
What is the millions digit of 2164667?
2
What is the thousands digit of 300600?
0
What is the ten thousands digit of 191299?
9
What is the hundreds digit of 112441?
4
What is the millions digit of 4828594?
4
What is the hundreds digit of 9494234?
2
What is the hundreds digit of 3105945?
9
What is the thousands digit of 377119?
7
What is the tens digit of 683844?
4
What is the millions digit of 1032836?
1
What is the tens digit of 38468857?
5
What is the tens digit of 737580?
8
What is the hundreds digit of 5838510?
5
What is the hundreds digit of 86449?
4
What is the tens digit of 206516?
1
What is the hundred thousands digit of 2922641?
9
What is the hundred thousands digit of 11452272?
4
What is the millions digit of 24156174?
4
What is the tens digit of 4190823?
2
What is the units digit of 2324577?
7
What is the hundred thousands digit of 161384?
1
What is the ten thousands digit of 3164147?
6
What is the hundred thousands digit of 532282?
5
What is the millions digit of 13761787?
3
What is the millions digit of 1421150?
1
What is the hundred thousands digit of 315735?
3
What is the tens digit of 16629?
2
What is the hundred thousands digit of 1102902?
1
What is the tens digit of 9066863?
6
What is the units digit of 292389?
9
What is the hundreds digit of 16439828?
8
What is the thousands digit of 458036?
8
What is the hundred thousands digit of 4531213?
5
What is the hundreds digit of 1753820?
8
What is the thousands digit of 17558707?
8
What is the units digit of 271897?
7
What is the hundreds digit of 1332969?
9
What is the hundred thousands digit of 673999?
6
What is the units digit of 21831012?
2
What is the millions digit of 11666813?
1
What is the units digit of 23939459?
9
What is the hundreds digit of 542893?
8
What is the hundred thousands digit of 9921026?
9
What is the thousands digit of 788857?
8
What is the thousands digit of 129083?
9
What is the hundred thousands digit of 257100?
2
What is the tens digit of 595092?
9
What is the hundreds digit of 822287?
2
What is the ten thousands digit of 165933?
6
What is the hundred thousands digit of 276808?
2
What is the thousands digit of 76963?
6
What is the units digit of 19553?
3
What is the tens digit of 291541?
4
What is the millions digit of 3898474?
3
What is the hundred thousands digit of 3300202?
3
What is the hundreds digit of 951022?
0
What is the tens digit of 324975?
7
What is the thousands digit of 15854868?
4
What is the tens digit of 428125?
2
What is the units digit of 17030512?
2
What is the thousands digit of 3262968?
2
What is the ten millions digit of 14842312?
1
What is the units digit of 790115?
5
What is the hundreds digit of 93040?
0
What is the millions digit of 31977636?
1
What is the ten thousands digit of 590419?
9
What is the hundreds digit of 9325088?
0
What is the thousands digit of 1723359?
3
What is the hundreds digit of 445411?
4
What is the tens digit of 236489?
8
What is the millions digit of 14692631?
4
What is the ten thousands digit of 2322825?
2
What is the hundred thousands digit of 550925?
5
What is the thousands digit of 5623741?
3
What is the tens digit of 991769?
6
What is the tens digit of 11814803?
0
What is the ten thousands digit of 189320?
8
What is the thousands digit of 4920850?
0
What is the tens digit of 6427835?
3
What is the ten thousands digit of 2350051?
5
What is the hundred thousands digit of 1116303?
1
What is the hundreds digit of 17968?
9
What is the ten thousands digit of 44136?
4
What is the hundreds digit of 5147657?
6
What is the hundreds digit of 663589?
5
What is the tens digit of 18606506?
0
What is the hundred thou